NOAA Style Reports for San Sebastián

           escudo Sn.Sn

Report for 2012 Dec
                   MONTHLY CLIMATOLOGICAL SUMMARY for DEC. 2012

NAME: kocher   CITY: San Sebastian   STATE: Guipuzcoa 
ELEV:    80 m  LAT:  43 18' 42" N  LONG:   2 00' 56" W

                   TEMPERATURE (C), RAIN  (mm), WIND SPEED (km/hr)

                                      HEAT  COOL        AVG
    MEAN                              DEG   DEG         WIND                 DOM
DAY TEMP  HIGH   TIME   LOW    TIME   DAYS  DAYS  RAIN  SPEED HIGH   TIME    DIR
------------------------------------------------------------------------------------
 1   4.0   8.5   14:50   1.1    4:40  14.3   0.0   0.0   0.5  11.3   13:00    SE
 2   7.0  11.2   13:50   1.9    0:20  11.3   0.0   6.2   1.8  20.9   20:40   SSE
 3  11.7  14.4   13:30  10.2    0:10   6.6   0.0   1.8   1.9  19.3    2:50   SSE
 4   9.8  12.8   13:30   7.2   23:50   8.5   0.0  18.8   3.7  30.6   17:00   SSE
 5   8.5  11.9   15:00   7.1    8:50   9.8   0.0  24.6   4.2  32.2    3:30   SSE
 6   9.4  13.2   14:30   6.9    9:00   8.9   0.0   4.8   2.4  19.3   22:10     W
 7  11.6  13.6   11:20   9.2   22:40   6.7   0.0   3.8   1.9  20.9   21:00    NW
 8   9.1  12.2   11:30   6.3   22:50   9.3   0.0   2.8   1.4  27.4    4:20    NW
 9   6.4  11.0   14:00   3.7   00:00  11.9   0.0   0.2   1.1   9.7    5:10   WSW
10   5.5   9.8   15:20   1.6    8:50  12.8   0.0   1.2   1.3  16.1   11:00   SSE
11   6.3   8.3   10:50   2.2   23:50  11.9   0.0   0.6   0.3   9.7    0:10    NW
12   5.6  10.1   16:10   0.2    7:30  12.7   0.0   0.0   6.1  33.8   19:30     S
13  11.6  14.8   23:30   9.7    1:30   6.8   0.0   0.4  14.8  53.1   00:00     S
14  13.8  16.7    8:00  10.3   23:30   4.5   0.0  31.2  15.0  69.2    5:40     S
15  14.1  17.1   14:50  10.2    1:10   4.2   0.0   0.0   3.9  35.4   12:10   SSE
16  13.3  16.8   12:40  10.1    6:10   5.0   0.0   1.8   4.0  32.2   11:40   SSE
17  12.3  14.3   14:20   9.7   00:00   5.9   0.0   1.0   1.6  25.7   12:30   SSE
18  11.3  14.2   15:40   8.1    9:50   6.9   0.0   0.4   1.0  12.9   20:00     W
19  14.3  16.8   15:50  12.0    8:20   4.0   0.0   0.0   3.4  24.1   00:00     S
20  13.9  16.9    7:10  10.7   22:30   4.4   0.0   3.6   5.1  49.9    7:00     S
21  13.8  17.0   12:40  10.4   23:50   4.5   0.0   0.4   5.0  43.5   12:20   SSE
22  15.2  19.9   15:20  10.3    0:10   3.3   0.2   0.0   2.6  22.5   12:20     S
23  18.9  23.1   15:00  15.7    4:40   0.8   1.5   0.0  10.6  49.9   21:40     S
24  19.7  21.8   13:20  16.8   23:30   0.0   1.4   0.0  10.6  41.8    0:10     S
25  12.3  18.3    0:10  10.8    9:50   6.0   0.0   1.4   1.0  29.0    0:20   SSE
26  11.2  14.6   15:20   8.1   22:20   7.2   0.0   4.0   1.4  16.1   10:40   SSE
27  12.5  15.8   14:10   9.4    1:50   5.8   0.0   0.0   2.9  20.9   13:50   SSE
28  13.9  18.5   14:50  10.3    8:40   4.4   0.0   0.0   3.4  35.4   23:40     S
29  13.7  17.1   13:20   9.3   23:50   4.6   0.0   0.6   9.5  46.7   11:50     S
30  10.1  14.2   15:10   7.3    7:50   8.2   0.0   0.2   1.4  16.1   14:20     W
31  11.1  14.3   13:30   7.0    2:10   7.3   0.0   1.0  12.6  54.7   17:20     S
-------------------------------------------------------------------------------------
    11.4  23.1    23     0.2    12   218.5   3.1 110.8   4.4  69.2    14     SSE

Max >=  32.0:  0
Max <=   0.0:  0
Min <=   0.0:  0
Min <= -18.0:  0
Max Rain: 31.19 ON 14/12/12
Days of Rain: 22 (> .2 mm) 9 (> 2 mm) 2 (> 20 mm)
Heat Base:  18.3  Cool Base:  18.3  Method: Integration