NOAA Style Reports for San Sebastián

           escudo Sn.Sn

Report for 2013 Feb
                   MONTHLY CLIMATOLOGICAL SUMMARY for FEB. 2013

NAME: kocher   CITY: San Sebastian   STATE: Guipuzcoa 
ELEV:    92 m  LAT:  43 18' 42" N  LONG:   2 00' 05" W

                   TEMPERATURE (C), RAIN  (mm), WIND SPEED (km/hr)

                                      HEAT  COOL        AVG
    MEAN                              DEG   DEG         WIND                 DOM
DAY TEMP  HIGH   TIME   LOW    TIME   DAYS  DAYS  RAIN  SPEED HIGH   TIME    DIR
------------------------------------------------------------------------------------
 1  14.4  17.8   15:25  10.7   00:00   3.9   0.0  10.6   5.8  38.6   15:27   SSE
 2   9.2  10.9   12:34   7.3   00:00   9.2   0.0   6.6   5.6  37.0    5:34   ESE
 3   7.6  10.1   14:21   4.3    8:01  10.8   0.0   0.6   1.4  32.2    1:10     W
 4  10.3  11.4   13:55   8.2    2:46   8.0   0.0  14.0   1.0  14.5    9:56   SSE
 5  10.5  13.7   14:33   6.4   21:18   7.8   0.0  12.4   2.7  27.4   17:51    SE
 6   7.3   9.1   12:31   6.1    0:39  11.0   0.0  21.0   4.5  45.1   16:56   SSE
 7   7.1   9.1   11:53   5.4    0:51  11.2   0.0   8.0   2.6  30.6    5:22    SE
 8   7.3   8.6   12:49   5.3   23:56  11.0   0.0  23.2   2.6  40.2   14:28    SE
 9   6.6   9.5   21:44   3.5    7:14  11.7   0.0  10.0   0.8  14.5   22:05     W
10   8.4  12.8   15:51   5.9   23:58   9.8   0.0   9.2   5.0  45.1   15:21   SSE
11   6.2   8.6   12:16   4.3   15:01  12.2   0.0  15.0   7.9  40.2   17:09   SSE
12   7.4   9.4   16:49   4.3    9:41  10.8   0.0  12.4   2.4  29.0   17:12   SSE
13   8.8  11.4   22:22   7.4    3:41   9.5   0.0  15.0   0.6  14.5    2:31     W
14  11.8  13.4   17:11  10.8    7:06   6.4   0.0   1.8   1.1  20.9   21:45   SSE
15  10.6  13.9   14:59   6.8   23:39   7.8   0.0   0.8   0.5  14.5    3:27    NW
16   8.2  12.9   14:12   3.8    7:51  10.1   0.0   0.0   1.0  11.3   13:53     S
17  11.8  15.9   15:36   6.8    4:44   6.4   0.0   0.0   5.1  35.4   13:15     S
18  12.1  14.7   15:27   9.0   23:51   6.2   0.0   0.4   2.9  24.1    1:18     S
19  13.6  17.2   16:14   8.6    0:42   4.7   0.0   0.0   6.6  40.2   10:18     S
20  12.7  16.9   12:25   8.8    7:57   5.6   0.0   0.0   1.1  12.9    0:08   ESE
21  10.7  13.6   12:54   8.7   23:45   7.6   0.0   0.4   0.5  16.1   13:48   WSW
22   5.4   8.9    0:01   3.5   21:52  12.9   0.0   0.0   1.0  11.3    2:43   WNW
23   1.9   4.6   15:47  -1.3   10:37  16.3   0.0   1.0   1.4  25.7   20:05    SE
24   2.9   4.7   14:55   1.7   21:28  15.4   0.0   3.2   0.8  11.3    0:03     S
25   2.7   4.8   17:24   0.7    8:32  15.6   0.0   6.2   1.0  27.4   20:47     S
26   3.5   5.2   15:52   1.6    5:21  14.8   0.0   1.6   1.3  11.3   13:36   SSE
27   4.7   9.5   16:02   1.1    7:16  13.7   0.0   0.2   1.0  14.5   15:12   WSW
28   5.9  10.1   14:11   2.7    8:24  12.4   0.0   0.0   1.0  12.9   14:05   WSW
-------------------------------------------------------------------------------------
     8.2  17.8     1    -1.3    23   282.7   0.0 173.6   2.5  45.1     6     SSE

Max >=  32.0:  0
Max <=   0.0:  0
Min <=   0.0:  1
Min <= -18.0:  0
Max Rain: 23.19 ON 08/02/13
Days of Rain: 22 (> .2 mm) 14 (> 2 mm) 2 (> 20 mm)
Heat Base:  18.3  Cool Base:  18.3  Method: Integration