NOAA Style Reports for San Sebastián

           escudo Sn.Sn

Report for 2013 Jul
                   MONTHLY CLIMATOLOGICAL SUMMARY for JUL. 2013

NAME: kocher   CITY: San Sebastian   STATE: Guipuzcoa 
ELEV:    80 m  LAT:  43 18' 42" N  LONG:   2 00' 05" W

                   TEMPERATURE (C), RAIN  (mm), WIND SPEED (km/hr)

                                      HEAT  COOL        AVG
    MEAN                              DEG   DEG         WIND                 DOM
DAY TEMP  HIGH   TIME   LOW    TIME   DAYS  DAYS  RAIN  SPEED HIGH   TIME    DIR
------------------------------------------------------------------------------------
 1  18.6  21.2   13:33  16.9    5:57   0.4   0.7   0.0   2.1  20.9   14:12   WNW
 2  18.5  21.2   14:21  16.9    6:03   0.3   0.5   0.0   0.8  14.5   14:18   SSE
 3  18.5  19.6    3:39  16.9   23:40   0.2   0.4   1.4   0.6  11.3   15:27   SSE
 4  18.1  21.0   17:49  16.5    6:59   0.7   0.5   0.8   0.5   8.0   12:55   ESE
 5  19.8  23.6   16:19  17.1    3:31   0.2   1.8   0.0   0.8  16.1   15:52     W
 6  20.8  25.2   16:48  16.4    6:35   0.3   2.8   0.0   2.1  19.3   13:58     W
 7  20.7  25.2   17:21  15.8    7:00   0.4   2.8   0.0   2.1  25.7   13:43   WNW
 8  22.2  26.4   15:13  17.9    7:23   0.0   4.0   0.0   1.9  17.7   13:21     W
 9  23.2  27.4   14:14  19.1    6:39   0.0   4.9   0.0   0.8  12.9   15:39    SE
10  22.3  25.0   11:48  19.7    8:20   0.0   4.0   0.0   2.9  27.4   18:10   WNW
11  23.0  27.2   18:27  19.5    7:28   0.0   4.7   0.0   1.3  19.3   14:42     W
12  23.4  27.2   17:39  19.9    7:48   0.0   5.1   4.6   1.1  24.1   22:08   SSE
13  21.9  25.0   17:38  18.9    4:39   0.0   3.6   0.2   1.4  16.1   15:11     W
14  21.7  24.8   16:41  19.0    7:28   0.0   3.4   0.0   1.8  16.1   13:50   WNW
15  21.7  25.6   17:26  17.7    7:19   0.0   3.4   0.0   1.3  16.1   14:10     W
16  21.8  24.8   13:00  19.4    6:13   0.0   3.6   1.4   0.6  14.5   12:30   WSW
17  21.8  24.9   14:17  18.8    7:43   0.0   3.5   0.0   1.1  16.1   11:55   SSE
18  21.7  25.0   17:02  18.6    6:17   0.0   3.4   0.0   1.0  14.5   16:10     W
19  22.7  26.8   14:58  18.2    6:41   0.0   4.4   0.0   1.0  16.1   23:03     W
20  24.7  29.7   16:28  20.4    7:02   0.0   6.4   0.2   1.6  24.1   23:28   WNW
21  23.7  28.3   18:12  19.3    6:32   0.0   5.4   1.0   1.4  29.0   19:22    SE
22  24.0  28.0   15:43  20.5    6:47   0.0   5.7   0.6   1.3  19.3   20:18    SE
23  21.5  23.5    0:01  19.6   23:16   0.0   3.2  14.8   1.4  19.3    0:13    SE
24  22.5  26.2   16:16  19.4    2:51   0.0   4.2   0.2   0.6  14.5   16:53     W
25  23.8  26.4   12:24  21.6   23:26   0.0   5.5   0.2   0.6  12.9   15:00   ESE
26  22.7  26.7   16:36  20.3   21:50   0.0   4.4   2.2   1.1  17.7   21:53    SE
27  21.3  23.9   14:53  19.8    6:43   0.0   3.0   1.2   0.6  14.5   11:19    NW
28  22.7  28.3   14:53  18.8    5:43   0.0   4.3   0.0   2.7  29.0   13:26   SSE
29  20.9  25.2   16:32  16.3    6:04   0.3   3.0   0.0   1.1  14.5   11:55   WSW
30  22.6  27.5   16:35  17.7    6:58   0.0   4.3   0.0   0.8  11.3   12:26   WSW
31  26.9  37.9   18:14  17.9    7:29   0.0   8.6   0.0   1.3  17.7   15:00   ESE
-------------------------------------------------------------------------------------
    21.9  37.9    31    15.8     7     3.0 115.7  28.8   1.3  29.0    21       W

Max >=  32.0:  1
Max <=   0.0:  0
Min <=   0.0:  0
Min <= -18.0:  0
Max Rain: 14.81 ON 23/07/13
Days of Rain: 13 (> .2 mm) 3 (> 2 mm) 0 (> 20 mm)
Heat Base:  18.3  Cool Base:  18.3  Method: Integration