NOAA Style Reports for San Sebastián

           escudo Sn.Sn

Report for 2013 Aug
                   MONTHLY CLIMATOLOGICAL SUMMARY for AUG. 2013

NAME: kocher   CITY: San Sebastian   STATE: Guipuzcoa 
ELEV:    80 m  LAT:  43 18' 42" N  LONG:   2 00' 05" W

                   TEMPERATURE (C), RAIN  (mm), WIND SPEED (km/hr)

                                      HEAT  COOL        AVG
    MEAN                              DEG   DEG         WIND                 DOM
DAY TEMP  HIGH   TIME   LOW    TIME   DAYS  DAYS  RAIN  SPEED HIGH   TIME    DIR
------------------------------------------------------------------------------------
 1  24.7  34.8   13:08  20.6    7:20   0.0   6.4   0.0   4.5  40.2    0:17   WNW
 2  23.2  26.8   13:10  21.1   21:57   0.0   4.9   0.0   1.0  16.1   13:31   SSE
 3  22.3  26.0   13:08  19.6    3:30   0.0   4.0   0.2   1.0  16.1   11:09    SE
 4  21.6  25.4   17:43  18.3    8:23   0.0   3.3   0.2   1.0  16.1   14:32   SSE
 5  20.3  23.3   12:17  18.6    6:42   0.0   2.0   0.6   0.8  16.1   12:22   SSE
 6  19.4  21.2   15:04  18.2    5:53   0.0   1.1   6.4   0.6  14.5   20:50    NW
 7  17.8  19.3    0:01  16.1   23:21   0.6   0.1  24.4   0.6  32.2    9:18     W
 8  18.8  23.6   16:04  15.0    8:01   1.0   1.4   0.2   1.6  20.9   11:37     W
 9  19.3  23.6   16:18  14.6    7:34   0.8   1.8   0.0   1.1  16.1   11:53     W
10  19.9  24.1   17:12  16.7    2:37   0.4   1.9   0.0   0.6  14.5   13:12   WNW
11  21.0  24.9   16:03  16.7    7:56   0.1   2.8   0.0   0.8  16.1   14:26    SE
12  21.3  23.8   12:43  19.1    2:49   0.0   3.0   0.0   1.1  20.9   14:09     S
13  21.5  24.4   14:52  19.3   23:52   0.0   3.2   0.0   1.1  14.5   13:30   WNW
14  20.1  24.3   16:36  16.3    7:45   0.4   2.2   0.0   1.0  16.1   11:50   WNW
15  20.4  25.0   16:41  15.4    7:24   0.6   2.6   0.0   1.4  16.1   12:23     W
16  20.3  23.2   15:58  17.1    6:26   0.2   2.2   0.0   0.5  12.9   16:38     S
17  21.1  24.7   16:07  18.6    9:15   0.0   2.7   1.6   0.8  14.5   14:15    NW
18  21.0  25.1   16:02  17.3    6:57   0.2   2.9   0.0   1.0  14.5   17:30     S
19  20.0  22.6   18:02  18.5   23:34   0.0   1.7   6.4   0.5   9.7    8:40    NW
20  19.8  24.4   17:40  15.2    7:40   0.7   2.2   0.0   0.8  16.1   16:29   WNW
21  21.6  28.3   15:39  15.8    7:50   0.5   3.8   0.0   1.0  14.5   16:38     W
22  21.2  25.0   14:04  17.8    7:31   0.0   2.9   0.0   1.3  22.5   13:22    SE
23  20.4  21.9   15:10  18.5   23:22   0.0   2.2   0.0   0.3  12.9    0:09     W
24  19.9  23.1   13:54  17.7    6:33   0.0   1.7   0.2   1.0  17.7   13:16    SE
25  18.9  23.0   14:00  16.1    8:14   0.4   1.1   7.6   1.3  20.9   11:29   SSE
26  18.0  20.2   17:06  15.8    6:59   0.7   0.4   4.6   1.0  20.9   12:58   SSE
27  18.9  23.1   17:20  15.1    7:15   0.8   1.4   0.0   1.1  19.3   12:50   SSE
28  19.8  23.5   16:38  17.3    6:26   0.2   1.7   1.8   0.6  12.9   15:11     W
29  19.8  23.6   15:20  16.1    8:00   0.3   1.7   0.0   0.8  16.1   11:54    SE
30  19.8  24.1   16:00  16.0    8:01   0.4   1.9   0.0   0.6  14.5   12:35    SE
31  19.8  23.5   15:34  16.2    4:43   0.4   1.9   0.0   0.6  17.7   15:34    SE
-------------------------------------------------------------------------------------
    20.4  34.8     1    14.6     9     8.8  73.3  54.2   1.0  40.2     1       W

Max >=  32.0:  1
Max <=   0.0:  0
Min <=   0.0:  0
Min <= -18.0:  0
Max Rain: 24.41 ON 07/08/13
Days of Rain: 12 (> .2 mm) 5 (> 2 mm) 1 (> 20 mm)
Heat Base:  18.3  Cool Base:  18.3  Method: Integration