NOAA Style Reports for San Sebastián

           escudo Sn.Sn

Report for 2015 Jun
                   MONTHLY CLIMATOLOGICAL SUMMARY for JUN. 2015

NAME: kocher   CITY: San Sebastian   STATE: Guipuzcoa 
ELEV:    92 m  LAT:  43 18' 42" N  LONG:   2 00' 05" W

                   TEMPERATURE (C), RAIN  (mm), WIND SPEED (km/hr)

                                      HEAT  COOL        AVG
    MEAN                              DEG   DEG         WIND                 DOM
DAY TEMP  HIGH   TIME   LOW    TIME   DAYS  DAYS  RAIN  SPEED HIGH   TIME    DIR
------------------------------------------------------------------------------------
 1  18.1  21.4   13:20  16.6    6:00   0.6   0.4   0.0   0.3  16.1   13:45     W
 2  18.6  21.9   16:55  16.5    6:15   0.7   0.9   0.0   0.3  12.9   16:55   ESE
 3  18.1  20.1   14:05  16.3    6:20   0.7   0.5   0.4   0.2   9.7   13:10   ESE
 4  23.9  35.4   18:10  15.2    5:55   0.8   6.4   0.0   2.3  51.5   21:55    SE
 5  19.3  24.1   10:05  16.2   23:55   0.2   1.2   1.2   1.8  32.2   11:05    SE
 6  17.3  19.2   15:50  15.4    7:20   1.2   0.1   2.2   0.2  14.5   13:20    SE
 7  18.5  22.1   14:50  15.4    7:15   0.9   1.1   0.0   0.6  14.5   12:05    NW
 8  18.9  22.2   17:20  15.8    7:30   0.7   1.3   0.0   2.3  27.4   15:05   WNW
 9  17.8  22.0   13:45  15.4    4:40   1.1   0.6   0.0   1.1  19.3   10:45   SSE
10  16.6  20.9   22:00  14.1    3:10   2.0   0.4   8.2   1.0  24.1   22:35     S
11  20.0  22.6   11:50  16.7   23:50   0.1   1.8   2.8   4.0  33.8    5:55     S
12  17.7  21.8   15:20  15.1    6:30   1.3   0.6   3.6   0.5  12.9    0:10    SE
13  17.0  20.2   11:55  15.5   20:35   1.4   0.1   7.4   0.5  16.1   11:05     W
14  16.9  20.9   15:05  13.4    7:25   1.8   0.4   1.6   0.8  16.1    3:30   WNW
15  16.6  19.2   15:50  14.5    6:30   1.8   0.0   3.4   0.5  14.5   18:30    SE
16  15.2  16.2   12:30  14.3    1:45   3.1   0.0  27.4   0.5  16.1    2:00   ESE
17  16.8  20.1   18:20  14.1    7:30   1.6   0.2   0.2   0.5  12.9   11:45    SE
18  17.7  21.5   15:40  14.4    4:10   1.4   0.8   0.0   0.6  19.3   12:10    SE
19  16.6  19.0   17:50  14.7    2:00   1.7   0.0   4.4   0.0   9.7   12:00    SE
20  18.0  21.9   16:45  13.8    7:25   1.3   1.0   0.0   0.6  16.1   13:10    SE
21  18.7  23.3   16:35  13.4    7:00   1.4   1.8   0.0   0.6  19.3   16:55   SSE
22  19.8  25.0   13:20  15.5    7:00   0.8   2.3   0.0   1.3  19.3   14:40    SW
23  20.1  23.2   16:50  16.6    6:30   0.2   2.0   0.0   0.5  14.5   12:55    SE
24  19.7  23.8   16:45  15.6    7:20   0.7   2.1   0.0   0.6  14.5   13:55    SE
25  21.3  28.0   16:55  15.3    6:55   0.8   3.7   0.0   0.5  14.5   18:15     W
26  20.6  24.9   14:00  17.4    6:45   0.1   2.4   0.2   0.5  20.9   14:40    SE
27  21.1  24.2   18:45  18.2    7:10   0.0   2.8   0.0   0.5  14.5   15:40   ESE
28  20.2  22.9   13:55  16.8    6:55   0.1   2.0   0.0   0.3  17.7   15:10   SSE
29  21.6  25.6   16:10  18.3    5:55   0.0   3.3   0.0   0.6  14.5   17:05    SE
30  24.8  36.5   14:30  19.9    4:50   0.0   6.5   0.0   4.5  37.0   18:35    NW
-------------------------------------------------------------------------------------
    18.9  36.5    30    13.4    14    28.6  46.8  63.0   0.9  51.5     4      SE

Max >=  32.0:  2
Max <=   0.0:  0
Min <=   0.0:  0
Min <= -18.0:  0
Max Rain: 27.41 ON 16/06/15
Days of Rain: 13 (> .2 mm) 8 (> 2 mm) 1 (> 20 mm)
Heat Base:  18.3  Cool Base:  18.3  Method: Integration