NOAA Style Reports for San Sebastián

           escudo Sn.Sn

Report for 2015 Nov
                   MONTHLY CLIMATOLOGICAL SUMMARY for NOV. 2015

NAME: kocher   CITY: San Sebastian   STATE: Guipuzcoa 
ELEV:    80 m  LAT:  43 18' 42" N  LONG:   2 00' 05" W

                   TEMPERATURE (C), RAIN  (mm), WIND SPEED (km/hr)

                                      HEAT  COOL        AVG
    MEAN                              DEG   DEG         WIND                 DOM
DAY TEMP  HIGH   TIME   LOW    TIME   DAYS  DAYS  RAIN  SPEED HIGH   TIME    DIR
------------------------------------------------------------------------------------
 1  19.7  23.3   16:10  15.6   23:25   0.2   1.6   0.0   4.5  32.2    9:35     S
 2  16.6  18.5   13:00  15.3    1:15   1.8   0.0   0.8   1.1  20.9    7:00    NW
 3  16.9  19.1   19:40  15.4   00:00   1.5   0.1   0.0  12.4  51.5   10:40   SSE
 4  18.2  21.9   13:15  14.2    2:45   1.0   0.9   0.0   8.4  35.4   10:05     S
 5  19.5  21.4   13:00  17.7    8:05   0.0   1.2   0.0   6.8  32.2    9:50     S
 6  21.0  26.7   13:50  17.6   00:00   0.0   2.7   0.0   1.8  19.3   11:25   SSE
 7  19.8  24.6   11:55  15.3   23:50   0.4   1.9   0.0   2.7  24.1    6:20     S
 8  21.8  27.1   15:25  13.8    2:45   0.7   4.2   0.0   7.4  40.2   12:20   SSE
 9  18.1  21.6   14:20  14.4   23:55   1.0   0.8   0.0   0.6  24.1    0:25   WSW
10  14.8  19.6   12:40  12.5    6:50   3.6   0.1   0.0   0.3  14.5   16:45   SSE
11  13.4  14.7   16:15  11.7    8:50   4.9   0.0   0.0   0.0   8.0   10:40   SSE
12  14.4  18.4   13:30  11.5   23:40   3.9   0.0   0.0   0.3   9.7    9:45   SSE
13  13.3  17.5   15:20   9.4    6:50   5.0   0.0   0.2   0.0   6.4    5:00   SSE
14  14.6  17.9   15:45  11.3   00:00   3.7   0.0   0.0   0.0   6.4   10:50    SE
15  14.0  21.0   13:30  10.3    4:15   4.6   0.3   0.0   0.8  14.5    5:35     W
16  12.4  18.2   13:15   8.4    5:40   5.9   0.0   0.0   0.3  12.9   15:15   SSE
17  15.2  22.2   16:25   9.9    3:55   3.7   0.6   0.0   0.8  17.7   23:30   SSE
18  15.8  21.6   14:15  12.2    8:45   2.9   0.4   0.0   0.3  17.7   14:40    SE
19  16.3  20.3   13:30  13.8    0:05   2.2   0.2   0.0   0.2  12.9   15:45     W
20  17.2  21.9   13:05  12.7    4:25   2.1   1.0   0.0   0.6  24.1   20:05     W
21  11.6  18.1    0:45   9.2   16:10   6.7   0.0  21.0   3.7  33.8   13:35    SE
22   7.1  10.6    0:05   4.6   23:55  11.2   0.0   8.4   1.6  32.2    2:05   SSE
23   4.3   7.2   14:30   0.9    5:00  14.0   0.0   0.8   1.0  16.1   14:30   SSE
24   8.1  12.4   22:35   5.0    7:25  10.2   0.0   6.4   0.5  17.7   21:50     W
25  12.3  13.4   23:55  10.5    1:05   5.9   0.0  33.6   3.2  29.0    3:05   ESE
26  13.2  15.1   12:25  11.3   22:55   5.2   0.0   1.4   2.1  20.9    0:35   ESE
27  10.8  12.5   21:30   9.7    8:30   7.5   0.0   4.8   0.2  14.5   21:25   SSE
28  11.0  12.6   11:50   8.8   21:40   7.3   0.0   3.6   0.8  27.4    3:50    SE
29  10.6  14.4   15:55   8.2   23:15   7.7   0.0   0.2   0.3  11.3   12:50     W
30   9.3  15.6   14:00   5.2    8:25   9.0   0.0   0.0   0.5   9.7    1:00     W
-------------------------------------------------------------------------------------
    14.4  27.1     8     0.9    23   133.8  16.0  81.2   2.1  51.5     3     SSE

Max >=  32.0:  0
Max <=   0.0:  0
Min <=   0.0:  0
Min <= -18.0:  0
Max Rain: 33.60 ON 25/11/15
Days of Rain: 11 (> .2 mm) 6 (> 2 mm) 2 (> 20 mm)
Heat Base:  18.3  Cool Base:  18.3  Method: Integration