NOAA Style Reports for San Sebastián

           escudo Sn.Sn

Report for 2016 Oct
                   MONTHLY CLIMATOLOGICAL SUMMARY for OCT. 2016

NAME: kocher   CITY: San Sebastian   STATE: Guipuzcoa 
ELEV:    80 m  LAT:  43 18' 42" N  LONG:   2 00' 56" W

                   TEMPERATURE (C), RAIN  (mm), WIND SPEED (km/hr)

                                      HEAT  COOL        AVG
    MEAN                              DEG   DEG         WIND                 DOM
DAY TEMP  HIGH   TIME   LOW    TIME   DAYS  DAYS  RAIN  SPEED HIGH   TIME    DIR
------------------------------------------------------------------------------------
 1  16.7  19.6    0:05  14.8   20:40   1.7   0.1   7.8   0.6  17.7    5:35    SE
 2  17.2  21.3   15:55  14.1    8:05   1.7   0.6   0.0   0.6  16.1   13:25     W
 3  19.7  27.1   17:30  14.5    6:30   1.3   2.7   0.0   0.3   9.7    3:45   ESE
 4  19.4  23.1   13:55  16.8    9:10   0.2   1.3   0.0   1.3  20.9   14:55    SE
 5  17.3  18.9   16:00  16.2    5:15   1.1   0.1   0.0   0.8  12.9   10:15     W
 6  17.6  21.7   13:40  13.9   23:40   1.4   0.7   0.0   0.5  14.5   14:30   ESE
 7  15.5  20.8   15:05  11.4    5:40   3.3   0.4   0.0   0.8  12.9   15:30    SE
 8  15.4  19.2   17:20  12.6    5:15   2.9   0.1   0.0   0.0   6.4   17:55     W
 9  16.5  19.4   15:55  13.2    8:45   2.0   0.2   0.0   0.8  12.9   12:20    SE
10  13.6  18.8   16:45   8.9    8:10   4.7   0.0   0.0   0.8  14.5   13:45    SE
11  12.5  18.4   14:35   7.2    9:00   5.8   0.0   0.0   1.6  16.1   13:40    SE
12  16.3  20.3   14:30  12.1    3:50   2.2   0.2   3.0   5.1  43.5    8:25   SSE
13  15.3  19.5   14:10  13.6    8:10   3.1   0.0  53.0   0.5  14.5   13:20     W
14  14.2  16.9   17:20  11.6   00:00   4.1   0.0  27.2   1.3  24.1   10:40    SE
15  17.6  23.4   17:15  10.1    2:40   2.0   1.2   0.2   8.4  35.4    6:10   SSE
16  19.2  21.4   16:20  16.4   00:00   0.2   1.1   0.0   4.0  27.4    0:05     S
17  17.6  21.0   13:10  15.1    5:30   1.2   0.5   0.0   0.8  22.5    7:30   WSW
18  16.4  19.9   13:25  13.1   23:55   2.2   0.3   1.2   0.3  11.3   14:00    SE
19  14.1  19.8   13:45  10.6    8:50   4.3   0.1   0.0   1.0  12.9   10:15   SSE
20  13.4  16.8   16:40  11.4   22:15   4.9   0.0   0.0   0.3  11.3   13:50    SE
21  12.4  17.7   16:10   7.1    8:50   5.9   0.0   0.0   1.0  19.3   15:10    SE
22  14.4  21.5   15:30   7.7    7:45   4.6   0.6   0.0   5.5  40.2   22:55   SSE
23  20.4  22.9   15:40  16.7   12:45   0.1   2.2   0.0  11.3  61.2    8:55   SSE
24  17.0  19.6   17:15  14.1   00:00   1.4   0.1   0.8   1.9  17.7    1:30     S
25  16.7  23.4   16:35  12.9    4:00   2.4   0.8   1.2   0.3  14.5   14:45   ESE
26  16.5  17.7   14:40  15.2    9:20   1.8   0.0   0.2   1.0  19.3   15:30   WNW
27  14.7  16.3   15:10  13.2   23:45   3.6   0.0   0.0   0.2   9.7   15:05   ESE
28  13.0  18.1   16:30   8.7    9:35   5.3   0.0   0.2   0.6  16.1   15:10     W
29  15.7  22.3   14:05  11.0    5:25   3.4   0.8   0.0   0.2  11.3   16:25   ESE
30  12.7  16.8   13:50   9.0    8:00   5.6   0.0   0.0   0.6  16.1   13:05    NW
31  15.2  21.3   15:30   8.6    5:00   3.7   0.6   0.0   1.3  24.1   22:00   SSE
-------------------------------------------------------------------------------------
    15.9  27.1     3     7.1    21    88.1  14.7  94.8   1.7  61.2    23     SSE

Max >=  32.0:  0
Max <=   0.0:  0
Min <=   0.0:  0
Min <= -18.0:  0
Max Rain: 53.01 ON 13/10/16
Days of Rain: 10 (> .2 mm) 4 (> 2 mm) 2 (> 20 mm)
Heat Base:  18.3  Cool Base:  18.3  Method: Integration