NOAA Style Reports for San Sebastián

           escudo Sn.Sn

Report for 2017 Feb
                   MONTHLY CLIMATOLOGICAL SUMMARY for FEB. 2017

NAME: kocher   CITY: San Sebastian   STATE: Guipuzcoa 
ELEV:    80 m  LAT:  43 18' 42" N  LONG:   2 00' 56" W

                   TEMPERATURE (C), RAIN  (mm), WIND SPEED (km/hr)

                                      HEAT  COOL        AVG
    MEAN                              DEG   DEG         WIND                 DOM
DAY TEMP  HIGH   TIME   LOW    TIME   DAYS  DAYS  RAIN  SPEED HIGH   TIME    DIR
------------------------------------------------------------------------------------
 1  16.5  19.4   15:15  14.8    9:10   1.9   0.1   0.0   6.3  37.0   17:00     S
 2  14.2  16.3   14:15   9.4   22:15   4.2   0.0   0.8  12.1  54.7    7:15   SSE
 3  13.8  17.3   13:40   9.9    0:05   4.5   0.0   0.0  12.2  53.1    4:55   SSE
 4  11.4  17.9    1:30   9.6    8:35   6.9   0.0  26.6   3.2  66.0    1:30   SSE
 5   9.7  15.9    1:10   6.8   11:20   8.6   0.0  14.4   6.8  45.1   10:30   SSE
 6   9.3  12.3   21:35   7.5    9:50   9.0   0.0  14.4   1.0  19.3    1:35     W
 7  10.8  12.7    3:55   7.2   22:40   7.5   0.0  12.8   1.3  20.9   18:35   ESE
 8   8.6  11.1   15:40   6.7    2:25   9.8   0.0   5.8   2.1  27.4    3:30   ESE
 9   8.3  13.3   15:40   4.3    8:45  10.0   0.0   0.4   0.6  12.9    5:35    SE
10  11.7  15.2   16:10   6.9    0:40   6.6   0.0   0.0   8.0  46.7    5:10     S
11   7.9  10.1   11:25   6.2    8:45  10.4   0.0   0.8   0.3  12.9   13:50    SE
12  11.4  16.8   17:35   5.5    8:55   6.8   0.0   1.0   5.1  46.7   22:35    SE
13  14.7  17.7    7:40  10.3   00:00   3.6   0.0   1.8   8.9  46.7   10:00   SSE
14  13.2  18.5   15:40   7.4    7:45   5.1   0.0   0.2   7.1  37.0   23:15   SSE
15  15.3  19.7   16:45  11.1   00:00   3.1   0.1   0.0   9.3  43.5    9:40   SSE
16  14.8  19.2   13:30  10.1    2:05   3.6   0.1   0.0   3.2  27.4    3:35     S
17  12.9  18.9   12:45   8.7    6:55   5.4   0.0   0.0   0.6  12.9   14:00   ESE
18  10.9  15.4   12:35   8.2    4:35   7.4   0.0   0.0   1.1  25.7   13:30    SE
19  11.3  13.4   13:20   9.6   22:20   7.0   0.0   0.0   0.3  16.1   15:10    SE
20  10.7  13.3   17:20   7.5   00:00   7.6   0.0   0.0   0.3  11.3   14:00   SSE
21   9.3  14.6   16:30   5.2    8:00   9.0   0.0   0.0   0.8  12.9   12:50    SE
22   9.2  13.8   16:35   5.1    8:10   9.1   0.0   0.0   0.5  14.5   13:05     S
23  10.1  13.6   14:45   7.6    0:45   8.2   0.0   0.0   0.5  16.1   13:15   SSE
24   9.8  12.3   14:40   7.3   00:00   8.5   0.0   9.2   0.3  16.1    3:55   ESE
25   9.6  16.2   16:55   4.0    6:20   8.7   0.0   0.0   0.8  11.3    7:40    SE
26  11.1  16.3   13:15   7.0    4:35   7.2   0.0   0.0   0.5  12.9   13:25    SE
27  13.5  19.6   16:10   7.9    4:00   4.9   0.1   0.6   6.4  46.7   13:05   SSE
28  10.2  13.2    8:50   6.9   00:00   8.2   0.0  10.6   2.4  30.6   14:35   SSE
-------------------------------------------------------------------------------------
    11.4  19.7    15     4.0    25   192.8   0.3  99.4   3.6  66.0     4     SSE

Max >=  32.0:  0
Max <=   0.0:  0
Min <=   0.0:  0
Min <= -18.0:  0
Max Rain: 26.59 ON 04/02/17
Days of Rain: 14 (> .2 mm) 7 (> 2 mm) 1 (> 20 mm)
Heat Base:  18.3  Cool Base:  18.3  Method: Integration