NOAA Style Reports for San Sebastián

           escudo Sn.Sn

Report for 2017 Sep
                   MONTHLY CLIMATOLOGICAL SUMMARY for SEP. 2017

NAME: kocher   CITY: San Sebastian   STATE: Guipuzcoa 
ELEV:    80 m  LAT:  43 18' 42" N  LONG:   2 00' 56" W

                   TEMPERATURE (C), RAIN  (mm), WIND SPEED (km/hr)

                                      HEAT  COOL        AVG
    MEAN                              DEG   DEG         WIND                 DOM
DAY TEMP  HIGH   TIME   LOW    TIME   DAYS  DAYS  RAIN  SPEED HIGH   TIME    DIR
------------------------------------------------------------------------------------
 1  16.6  20.4   16:50  14.0    2:30   2.1   0.3  13.2   1.6  19.3   16:35   SSE
 2  17.4  21.4   17:40  15.4    0:05   1.4   0.6   0.0   1.0  12.9    8:45    NW
 3  18.9  26.1   15:00  13.8    4:10   1.7   2.4   0.2   0.8  16.1   16:25   SSW
 4  20.1  24.8   16:20  17.3    5:30   0.1   1.9   1.6   1.1  17.7   16:30     W
 5  20.4  25.1   15:05  16.3    6:20   0.5   2.6   0.0   0.8  14.5   14:20    SW
 6  19.3  21.7   17:10  17.6   12:10   0.0   1.1   6.4   0.6  24.1    7:00   SSE
 7  18.4  22.1   16:45  15.9    8:25   0.8   0.9   0.0   0.2   9.7   15:30   SSE
 8  17.9  22.8   14:35  13.6    8:20   1.6   1.2   0.0   1.0  17.7   15:40     W
 9  16.2  19.5   16:30  13.7   22:00   2.1   0.0  29.2   1.8  30.6   15:00    SE
10  16.6  19.7   15:30  13.8    4:25   1.9   0.2  11.4   2.1  25.7   12:55    SE
11  17.3  20.4   15:50  14.8   23:50   1.1   0.1  18.4   1.3  19.3   16:30    SE
12  17.1  21.9   16:55  13.8    2:05   2.0   0.7   8.2   1.4  17.7   13:50    SE
13  20.0  24.8   12:50  16.6    4:15   0.6   2.3   0.0   1.1  19.3   15:15     W
14  17.4  20.7   15:35  13.4   10:10   1.3   0.4   7.4   1.3  25.7    7:50    SE
15  14.4  18.3   14:00  11.6   23:00   3.9   0.0   7.0   2.9  27.4   12:10   SSE
16  13.2  17.1   16:40  10.6    7:50   5.1   0.0   3.4   2.1  22.5   14:35   SSE
17  15.0  19.7   15:35  11.9    2:35   3.4   0.0   1.0   1.4  25.7   12:15   SSE
18  15.4  18.0   13:30  13.5    8:35   2.8   0.0   9.4   0.5  16.1    2:55     W
19  15.6  19.7   16:35  12.6    8:45   2.9   0.2   0.0   0.5  17.7   13:25   NNE
20  15.6  22.8   17:15   9.9    7:55   3.6   1.0   0.0   1.3  14.5   16:45   SSE
21  16.9  22.0   14:25  12.1    8:00   2.2   0.8   0.0   1.1  20.9   12:40   WSW
22  17.2  20.5   17:40  15.4   10:30   1.4   0.3   0.0   0.6  14.5   13:05   WSW
23  19.7  28.5   17:45  12.7    7:55   1.8   3.3   0.0   3.2  35.4   22:40   SSE
24  19.7  25.6   13:55  15.0    8:40   0.7   2.1   0.0   1.0  17.7   22:05   ESE
25  18.3  21.3   13:10  16.2    8:40   0.5   0.5   6.6   1.1  19.3   13:10    SE
26  17.7  21.6   13:35  14.9   23:55   1.5   0.8   1.0   0.6  11.3   12:50    SE
27  18.7  26.3   14:50  12.2    7:35   1.9   2.3   0.0   2.1  29.0   12:45   SSE
28  21.3  29.9   16:40  14.7    7:55   1.0   4.1   0.0   1.3  22.5   13:00    SE
29  19.7  24.6   13:00  15.9    6:50   0.5   1.9   0.0   0.6  20.9   16:25     S
30  16.6  18.4    0:35  14.4   00:00   1.8   0.0  12.0   0.3  17.7    9:35   ESE
-------------------------------------------------------------------------------------
    17.6  29.9    28     9.9    20    52.2  31.9 136.4   1.2  35.4    23      SE

Max >=  32.0:  0
Max <=   0.0:  0
Min <=   0.0:  0
Min <= -18.0:  0
Max Rain: 29.21 ON 09/09/17
Days of Rain: 16 (> .2 mm) 12 (> 2 mm) 1 (> 20 mm)
Heat Base:  18.3  Cool Base:  18.3  Method: Integration