NOAA Style Reports for San Sebastián

           escudo Sn.Sn

Report for 2017 Oct
                   MONTHLY CLIMATOLOGICAL SUMMARY for OCT. 2017

NAME: kocher   CITY: San Sebastian   STATE: Guipuzcoa 
ELEV:    80 m  LAT:  43 18' 42" N  LONG:   2 00' 56" W

                   TEMPERATURE (C), RAIN  (mm), WIND SPEED (km/hr)

                                      HEAT  COOL        AVG
    MEAN                              DEG   DEG         WIND                 DOM
DAY TEMP  HIGH   TIME   LOW    TIME   DAYS  DAYS  RAIN  SPEED HIGH   TIME    DIR
------------------------------------------------------------------------------------
01  16,2  18,2   17:56  14,1   04:01   2,1   0,0  15,8   0,4  12,9   16:01   WSW
02  18,2  19,3   16:59  17,2   05:01   0,4   0,3   9,4   0,1   9,7   06:10    SE
03  18,4  20,1   17:18  17,1   06:36   0,3   0,4   1,0   0,1  12,9   13:31   WNW
04  19,0  22,3   17:37  15,9   06:24   0,5   1,2   0,2   0,5  11,3   23:10   WSW
05  18,5  20,3   15:54  17,4   08:40   0,2   0,4   0,4   0,4  14,5   14:34   SSE
06  16,2  17,6   00:08  12,8   23:58   2,1   0,0   4,0   0,4  19,3   14:30    SE
07  13,8  19,2   16:47   9,2   09:14   4,6   0,1   0,0   0,8  12,9   14:50     S
08  14,1  20,0   16:48   9,4   08:06   4,5   0,3   0,0   0,9  11,3   14:24     S
09  15,2  21,0   16:19  10,7   08:33   3,6   0,6   0,0   1,2  12,9   14:56   SSE
10  16,3  21,2   17:32  12,5   08:14   2,6   0,6   0,0   0,9  11,3   13:19   SSW
11  18,6  26,9   14:02  13,3   04:40   1,3   1,5   0,0   3,8  33,8   14:49    SW
12  17,5  22,6   14:37  13,5   08:04   1,8   1,0   0,0   0,7  16,1   14:57    SW
13  18,6  26,1   14:25  14,4   06:44   1,3   1,6   0,0   2,2  29,0   18:36   WNW
14  21,3  26,8   16:45  17,2   08:55   0,2   3,2   0,0   1,2  19,3   23:23     S
15  24,4  27,4   16:23  21,9   08:37   0,0   6,1   0,0  12,5  46,7   23:36     S
16  22,6  28,2   14:41  18,4   23:40   0,0   3,7   0,0   9,3  45,1   00:02   SSE
17  21,2  25,4   15:06  15,2   05:19   0,3   3,2   0,0   9,3  49,9   13:17     S
18  15,3  18,8   00:00  14,0   22:58   0,5   0,0  23,0   1,4  14,5   00:39     W
19  15,9  20,1   15:26  12,8   01:19   2,5   0,3   8,8   0,9  12,9   12:48    SW
20  18,3  23,4   14:23  14,3   06:19   1,4   1,4   0,0   1,8  19,3   23:45   SSW
21  16,9  22,6   02:13  13,2   23:31   2,0   0,6  10,2   2,8  32,2   02:33     S
22  13,1  15,8   17:01  11,6   08:38   5,2   0,0   9,8   1,1  17,7   12:43   SSW
23  14,3  19,9   14:20  10,3   08:23   4,1   0,2   0,0   1,1  12,9   12:14     S
24  15,8  23,4   14:45  10,0   07:52   3,5   1,0   0,0   1,0  11,3   10:41   SSW
25  17,5  23,4   14:50  12,6   08:12   1,9   1,1   0,0   0,5  12,9   15:08   WNW
26  19,6  25,1   11:40  14,9   23:54   0,5   1,8   0,0   3,7  33,8   11:54     W
27  15,2  18,3   14:05  12,1   06:41   3,1   0,0   0,0   0,1  11,3   13:52   SSE
28  14,9  16,9   16:30  12,0   23:48   3,4   0,0   0,6   0,2  12,9   00:53   WNW
29  13,1  17,5   13:42   9,6   07:29   5,4   0,0   2,4   0,2  11,3   22:39    SE
30  13,4  14,5   15:37  10,1   23:52   4,8   0,0   5,2   0,3  16,1   15:13    SE
31  10,5  15,4   16:39   6,0   07:54   7,8   0,0   0,0   0,8  11,3   09:07   SSE
----------------------------------------------------------------------------------
    16,9  28,2    16     6,0    31    71,9  30,6  90,8   1,9  49,9    17       S

Max >=  27,0  2
Max <=   0,0  0
Min <=   0,0  0
Min <=  -5,0  0
Max Rain: 23,0 on day 18
Days of Rain: 13 (>= 0,2 mm)  9 (>= 2,0 mm)  1 (>= 20,0 mm)
Heat Base: 18,3  Cool Base: 18,3  Method: Integration