NOAA Style Reports for San Sebastián

           escudo Sn.Sn

Report for 2018 Oct
                   MONTHLY CLIMATOLOGICAL SUMMARY for OCT. 2018

NAME: kocher   CITY: San Sebastian   STATE: Guipuzcoa 
ELEV:    80 m  LAT:  43 18' 42" N  LONG:   2 00' 56" W

                   TEMPERATURE (C), RAIN  (mm), WIND SPEED (km/hr)

                                      HEAT  COOL        AVG
    MEAN                              DEG   DEG         WIND                 DOM
DAY TEMP  HIGH   TIME   LOW    TIME   DAYS  DAYS  RAIN  SPEED HIGH   TIME    DIR
------------------------------------------------------------------------------------
 1  16.3  18.9   13:20  14.3   23:00   1.7   0.0   0.0   1.4  25.7    8:25    SE
 2  14.4  19.2   13:50   9.3    8:20   3.8   0.0   0.0   0.8  14.5   13:20    NW
 3  14.2  19.9   17:00   9.2    8:15   4.0   0.0   0.0   0.8  12.9   15:05    NW
 4  16.2  20.8   12:50  12.2    4:10   2.4   0.0   0.0   0.8  17.7   16:40     W
 5  20.5  28.5   15:35  13.8    4:00   1.0   0.3   0.0   5.3  32.2   11:05     S
 6  15.5  20.6   13:00  12.6    9:00   2.8   0.0   4.0   1.8  27.4   17:55    SE
 7  12.9  14.5   12:05  11.7    9:00   5.1   0.0  33.0   1.9  25.7   15:50   ESE
 8  14.4  17.7   13:40  13.1   23:25   3.6   0.0   3.4   0.6  24.1    2:50    SE
 9  15.2  19.6   17:40  10.7    8:25   2.9   0.0   0.2   0.6  14.5   12:25   SSE
10  18.9  23.2   16:05  14.6    5:20   0.7   0.0   0.2   7.1  38.6   13:45   SSE
11  20.8  24.7   15:20  17.4   23:05   0.0   0.0   0.0   8.5  46.7   13:00   SSE
12  22.1  27.0   17:00  16.1    2:40   0.2   0.3   0.0   4.7  43.5   13:05   SSE
13  24.7  28.0   16:10  21.8    1:00   0.0   0.8   0.0  10.3  46.7   11:30   SSE
14  18.4  25.7    0:40  13.6   22:05   2.1   0.0  15.6   9.7  56.3    6:15   SSE
15  15.8  19.9   15:10  13.3    9:35   2.5   0.0   0.2   1.0  17.7   10:55     W
16  15.6  19.4   15:15  12.7    5:20   2.6   0.0   0.0   1.1  20.9   14:45     W
17  16.4  20.2   12:55  14.2    6:05   1.9   0.0   0.0   0.5  17.7   13:20   ESE
18  16.3  18.3   15:30  14.8    5:10   1.7   0.0   0.0   0.3  14.5   00:00     S
19  16.9  18.1   17:30  16.2   00:00   1.1   0.0   0.0   0.6  20.9    0:05   ESE
20  16.3  17.6   15:40  14.9    5:30   1.7   0.0   0.0   0.3  16.1   15:15   WNW
21  16.3  20.6   15:15  13.5    8:50   2.1   0.0   0.0   0.5  16.1   17:05     S
22  15.8  24.3   17:25  12.7   23:05   2.3   0.0   0.0   0.8  16.1   14:55   ESE
23  13.4  17.3   15:45  10.5    8:00   4.6   0.0   0.0   0.3  16.1   14:55     E
24  13.9  18.2   15:40  11.1    4:20   4.0   0.0   0.0   1.0  22.5   15:05   WSW
25  13.1  18.7   16:40   9.3    7:15   5.0   0.0   0.0   0.5  12.9   13:00    SW
26  14.4  16.6   14:55  12.7   22:50   3.6   0.0   3.2   0.5  14.5   14:35   SSE
27  10.5  13.1   13:40   6.7   23:55   7.5   0.0  19.2   1.4  17.7    5:05    SE
28   7.2  11.1   12:45   4.7    6:20  10.8   0.0  20.6   2.1  30.6   11:15    SE
29   7.3   9.5   10:30   4.7    0:05  10.6   0.0  11.6   2.4  25.7   14:05   ESE
30  10.2  13.7   13:15   5.8    4:45   7.9   0.0   0.2   9.5  48.3   13:40   SSE
31  10.8  12.2   14:40   9.7   00:00   7.2   0.0   9.8   0.3  12.9   23:50     S
-------------------------------------------------------------------------------------
    15.3  28.5     5     4.7    28   107.7   1.4 121.2   2.5  56.3    14     SSE

Max >=  32.0:  0
Max <=   0.0:  0
Min <=   0.0:  0
Min <= -18.0:  0
Max Rain: 32.99 ON 07/10/18
Days of Rain: 13 (> .2 mm) 9 (> 2 mm) 2 (> 20 mm)
Heat Base:  18.0  Cool Base:  25.0  Method: Integration