NOAA Style Reports for San Sebastián

           escudo Sn.Sn

Report for 2018 Dec
                   MONTHLY CLIMATOLOGICAL SUMMARY for DEC. 2018

NAME: kocher   CITY: San Sebastian   STATE: Guipuzcoa 
ELEV:    80 m  LAT:  43 18' 42" N  LONG:   2 00' 56" W

                   TEMPERATURE (C), RAIN  (mm), WIND SPEED (km/hr)

                                      HEAT  COOL        AVG
    MEAN                              DEG   DEG         WIND                 DOM
DAY TEMP  HIGH   TIME   LOW    TIME   DAYS  DAYS  RAIN  SPEED HIGH   TIME    DIR
------------------------------------------------------------------------------------
 1  11.4  13.6   14:15   8.8    2:40   6.5   0.0   0.6   3.5  33.8   16:20     W
 2  15.2  17.9   15:45  12.9    9:20   2.8   0.0   0.6   5.3  27.4    0:40   SSE
 3  15.7  17.2   11:35  14.1   00:00   2.3   0.0   1.2   3.9  30.6   10:30     W
 4  14.9  19.1   13:35  12.2    8:15   3.1   0.0   0.0   0.5  14.5   22:20   SSE
 5  15.7  18.5    1:40  13.5   18:50   2.3   0.0   0.0   2.4  25.7    8:00     S
 6  14.3  16.9   14:00  11.1   00:00   3.7   0.0   0.0   0.6  16.1   13:15    SE
 7  11.6  16.4   15:05   7.7    6:40   6.4   0.0   2.6   2.1  19.3    9:00   SSE
 8  12.1  15.7   16:00  10.2    0:55   5.9   0.0   0.4   1.4  20.9   13:40   SSE
 9  13.6  14.7    2:55  12.1   23:25   4.4   0.0   0.4   0.6  17.7   10:10   ESE
10  11.2  14.3   14:00   7.8   00:00   6.8   0.0   0.0   0.0   6.4   13:40   WNW
11   8.7  14.2   14:15   4.7    8:25   9.3   0.0   0.0   0.5  11.3    4:55    SW
12  11.3  13.4   15:35   8.4    0:40   6.7   0.0   3.6   1.6  29.0   23:50   SSE
13  11.4  14.2    3:05   9.3   13:45   6.6   0.0  26.6   3.7  29.0   18:15   SSE
14  10.3  11.6    3:20   8.7   23:55   7.7   0.0  20.4   2.1  22.5    5:05   ESE
15  12.9  16.7   15:30   7.9    1:35   5.0   0.0   0.6   7.4  38.6   15:20   SSE
16  11.4  15.4    0:05   9.2   23:45   6.6   0.0   9.0   1.4  25.7   18:40    SE
17  10.3  13.7   15:45   7.9    8:05   7.7   0.0   0.0   2.4  29.0   23:20   SSE
18  13.9  15.4   18:25  11.3    0:20   4.1   0.0   0.0  17.4  59.5    9:20   SSE
19  11.8  14.6   13:30   8.8   23:35   6.2   0.0   0.2   4.3  32.2   10:45   SSE
20  12.5  16.5   14:20   8.1    1:00   5.5   0.0   0.0   3.2  27.4   23:15   SSE
21  15.8  17.8   14:15  13.6    0:05   2.2   0.0   0.0  13.7  49.9   13:50   SSE
22  15.7  18.4   15:45  14.3   23:40   2.3   0.0   0.0   2.4  19.3    3:10     W
23  13.1  17.5   13:40   9.7    9:15   4.9   0.0   0.0   0.2   8.0   22:30     S
24  10.7  14.4   14:35   7.6    8:30   7.3   0.0   0.0   0.2   9.7   16:10   SSE
25   9.5  13.2   16:25   7.4   10:20   8.5   0.0   0.0   0.8   9.7    4:35   SSE
26  12.4  17.0   14:40   8.1    1:10   5.5   0.0   0.0   4.0  25.7    8:05   SSE
27  10.4  15.4   14:15   7.6    5:30   7.6   0.0   0.0   1.4  16.1    0:05     W
28  10.0  11.5   19:25   8.9    3:55   8.0   0.0   2.8   0.2  11.3    4:10     S
29   9.9  12.8   12:20   7.7   23:35   8.1   0.0   0.0   0.2  11.3   13:55   ESE
30   6.8   9.2   12:45   4.2    8:55  11.2   0.0   0.0   0.3  11.3   10:50     S
31   5.8   8.0   15:40   4.3    9:30  12.2   0.0   0.0   0.6   8.0   10:10   SSE
-------------------------------------------------------------------------------------
    12.0  19.1     4     4.2    30   187.3   0.0  69.0   2.9  59.5    18     SSE

Max >=  32.0:  0
Max <=   0.0:  0
Min <=   0.0:  0
Min <= -18.0:  0
Max Rain: 26.59 ON 13/12/18
Days of Rain: 13 (> .2 mm) 6 (> 2 mm) 2 (> 20 mm)
Heat Base:  18.0  Cool Base:  25.0  Method: Integration