NOAA Style Reports for San Sebastián

           escudo Sn.Sn

Report for 2019 Aug
                   MONTHLY CLIMATOLOGICAL SUMMARY for AUG. 2019

NAME: kocher   CITY: San Sebastian   STATE: Guipuzcoa 
ELEV:    80 m  LAT:  43 18' 42" N  LONG:   2 00' 56" W

                   TEMPERATURE (C), RAIN  (mm), WIND SPEED (km/hr)

                                      HEAT  COOL        AVG
    MEAN                              DEG   DEG         WIND                 DOM
DAY TEMP  HIGH   TIME   LOW    TIME   DAYS  DAYS  RAIN  SPEED HIGH   TIME    DIR
------------------------------------------------------------------------------------
 1  20.1  23.6   14:45  16.8    9:00   0.1   0.0  16.6   0.8  24.1    7:00    NW
 2  21.2  24.9   16:00  18.2    7:05   0.0   0.0   0.4   0.2  12.9   13:55    SE
 3  22.1  26.7   15:05  16.6    7:50   0.1   0.1   0.0   0.6  19.3   21:05   SSE
 4  21.2  22.8   14:30  19.7    7:10   0.0   0.0   0.0   0.2  14.5   13:55   SSE
 5  21.1  23.2   18:35  19.3    8:40   0.0   0.0   0.0   0.0  11.3   13:25    NW
 6  22.4  26.3   16:45  19.6    8:15   0.0   0.1   0.0   0.2  16.1   11:35    SE
 7  22.8  26.9   15:30  19.1    6:00   0.0   0.4   3.6   0.2  11.3   14:05    SE
 8  27.1  33.7   17:35  21.5    4:30   0.0   2.9   0.0   1.6  24.1    9:50     S
 9  25.3  29.9   10:15  20.7   00:00   0.0   1.1   0.0   0.8  29.0   10:35    NW
10  20.2  23.1   17:45  18.5   12:25   0.0   0.0   6.6   0.0   8.0   13:10   SSE
11  18.1  20.6   17:05  16.3    8:25   0.3   0.0  32.2   0.0  12.9    7:40     W
12  17.6  21.7   16:20  15.2    6:00   0.9   0.0  10.6   1.0  25.7   11:50   SSE
13  18.7  23.1   17:05  15.1    7:15   1.0   0.0   0.2   0.2  11.3   15:15    SE
14  19.4  26.3   13:50  13.5    7:35   1.4   0.1   0.6   0.5  20.9   16:05     W
15  20.1  23.8   17:20  17.3   23:55   0.0   0.0   5.6   0.0  16.1   13:55   SSE
16  19.8  26.3   16:55  14.0    7:15   1.1   0.1   0.0   0.5  16.1   20:25     W
17  21.8  29.4   15:50  15.4    8:05   0.4   0.7   0.0   0.3  16.1   16:40     W
18  20.2  23.8   13:35  16.8   23:45   0.1   0.0  12.0   0.3  20.9   10:30   SSE
19  18.3  21.7   15:35  16.0    8:55   0.6   0.0   3.6   0.0  11.3   19:25     W
20  18.9  22.3   17:00  15.6    6:25   0.6   0.0   1.0   0.0  11.3   14:30   ESE
21  20.1  25.8   15:30  14.8    6:05   0.8   0.0   0.0   0.0  14.5   16:50     E
22  20.4  25.1   16:10  16.2    7:30   0.3   0.0   0.0   0.3  17.7   12:35     W
23  23.0  32.4   17:45  15.1    7:55   0.6   1.8   0.0   0.0   9.7   15:10     W
24  23.6  28.4   11:20  20.3   00:00   0.0   0.3   0.0   1.4  24.1   12:35    NW
25  21.3  23.4   14:05  19.5    6:45   0.0   0.0   0.0   0.0   8.0   13:35     E
26  22.2  26.4   16:50  18.8   00:00   0.0   0.1   7.4   0.5  40.2   23:10    NW
27  21.6  25.8   13:50  18.1    7:25   0.0   0.0   0.2   0.3  14.5   12:40     W
28  23.1  27.2   15:05  20.0    8:40   0.0   0.4   0.0   0.0  11.3   16:45    SE
29  22.9  26.4   15:15  19.8    7:45   0.0   0.2   0.0   0.0   4.8   13:00    SE
30  22.6  26.0   16:45  19.2    8:20   0.0   0.1   0.0   0.0  11.3   16:50     E
31  21.9  23.3   16:25  20.5   22:20   0.0   0.0   0.0   0.0   4.8   11:05    NW
-------------------------------------------------------------------------------------
    21.3  33.7     8    13.5    14     8.5   8.4 100.6   0.3  40.2    26     SSE

Max >=  32.0:  2
Max <=   0.0:  0
Min <=   0.0:  0
Min <= -18.0:  0
Max Rain: 32.21 ON 11/08/19
Days of Rain: 14 (> .2 mm) 9 (> 2 mm) 1 (> 20 mm)
Heat Base:  18.0  Cool Base:  25.0  Method: Integration