NOAA Style Reports for San Sebastián

           escudo Sn.Sn

Report for 2021 Apr
                   MONTHLY CLIMATOLOGICAL SUMMARY for APR. 2021

NAME: kocher   CITY: San Sebastian   STATE: Guipuzcoa 
ELEV:    80 m  LAT:  43 18' 42" N  LONG:   2 00' 56" W

                   TEMPERATURE (C), RAIN  (mm), WIND SPEED (km/hr)

                                      HEAT  COOL        AVG
    MEAN                              DEG   DEG         WIND                 DOM
DAY TEMP  HIGH   TIME   LOW    TIME   DAYS  DAYS  RAIN  SPEED HIGH   TIME    DIR
------------------------------------------------------------------------------------
 1  23.0  27.1   17:30  18.7   22:55   0.0   0.2   0.0   8.5  41.8    2:25     S
 2  16.2  20.4    0:05  13.4   23:45   1.9   0.0   0.0   3.2  35.4    5:40   SSE
 3  13.1  16.2   13:30  10.3   23:10   4.9   0.0   0.0   2.7  20.9    5:50   SSE
 4  11.2  15.0   14:30   7.3    8:10   6.8   0.0   0.0   2.4  22.5   16:40   NNW
 5  11.7  15.9   17:05   7.3    3:40   6.3   0.0   0.0   2.6  20.9   15:00     W
 6  10.9  12.3    0:15   8.5   21:40   7.1   0.0   0.4   2.3  17.7   14:05   SSE
 7   9.9  14.4   16:45   6.6    6:55   8.1   0.0   0.0   2.7  20.9   16:25   SSE
 8  14.3  22.3   19:05   4.7    6:30   4.8   0.0   0.0   6.4  33.8   11:25     S
 9  15.7  18.8    0:15  12.8    7:30   2.4   0.0   0.0  12.4  51.5   15:05     S
10  16.2  21.4   17:30  12.8   00:00   2.4   0.0   5.8  10.8  38.6    0:25     S
11  11.5  12.9    2:35   9.5   21:00   6.5   0.0  23.0   2.1  22.5   19:00   SSE
12  10.3  12.7   16:20   7.9   23:50   7.7   0.0   0.0   2.6  16.1    6:00   SSE
13  10.9  17.1   17:30   4.8    7:35   7.0   0.0   0.0   2.3  19.3   13:10     S
14  10.9  15.7   16:20   5.9    8:15   7.1   0.0   0.0   2.1  16.1   11:25     W
15   9.4  12.9   16:40   4.8    7:50   8.6   0.0   0.0   2.1  25.7   16:10   WNW
16   9.2  13.7   15:30   3.7    7:50   8.8   0.0   0.0   2.4  22.5   23:55     E
17  10.3  13.1   17:45   5.4    7:55   7.7   0.0   0.0   2.3  17.7   12:05    SE
18  12.8  15.7   17:25   9.2   00:00   5.2   0.0   0.0   2.6  22.5   12:35    SE
19  11.4  17.0   17:20   5.8    7:00   6.6   0.0   0.0   1.9  14.5   15:20   SSE
20  13.3  16.7   15:00  10.5   00:00   4.7   0.0   0.0   1.6  17.7   14:20   WNW
21  13.1  16.7   14:55   9.3    7:50   4.9   0.0   0.0   1.8  16.1   14:15     W
22  16.9  20.7   14:00  12.9    0:20   1.7   0.0   0.0   2.3  17.7   12:25   SSE
23  20.0  25.0   18:15  15.3    4:30   0.6   0.0   0.0  10.0  41.8   14:15     S
24  21.1  26.1   18:05  17.5    7:10   0.0   0.0   0.0   9.7  43.5   13:35     S
25  19.6  23.3   16:00  18.3   11:05   0.0   0.0   0.0   5.5  37.0   16:05     S
26  16.1  20.2    2:40  13.4   00:00   2.1   0.0   6.2   2.3  35.4    2:45    NW
27  13.4  14.5   15:55  12.3    8:40   4.6   0.0  12.0   1.3  14.5   23:30   SSE
28  13.2  16.3   12:15  11.7   23:40   4.8   0.0   0.0   1.6  19.3   11:50   SSE
29  10.9  12.3   13:50   9.7    6:45   7.1   0.0  11.8   1.3  19.3    1:10    NW
30  10.6  12.9   15:20   8.4    5:30   7.4   0.0   0.8   1.3  12.9   14:15   WNW
-------------------------------------------------------------------------------------
    13.6  27.1     1     3.7    16   147.9   0.3  60.0   3.8  51.5     9       S

Max >=  32.0:  0
Max <=   0.0:  0
Min <=   0.0:  0
Min <= -18.0:  0
Max Rain: 23.01 ON 11/04/21
Days of Rain: 7 (> .2 mm) 5 (> 2 mm) 1 (> 20 mm)
Heat Base:  18.0  Cool Base:  25.0  Method: Integration