NOAA Style Reports for San Sebastián

           escudo Sn.Sn

Report for 2022 Jul
                   MONTHLY CLIMATOLOGICAL SUMMARY for JUL. 2022

NAME: kocher   CITY: San Sebastian   STATE: Guipuzcoa 
ELEV:    80 m  LAT:  43 18' 42" N  LONG:   2 00' 56" W

                   TEMPERATURE (C), RAIN  (mm), WIND SPEED (km/hr)

                                      HEAT  COOL        AVG
    MEAN                              DEG   DEG         WIND                 DOM
DAY TEMP  HIGH   TIME   LOW    TIME   DAYS  DAYS  RAIN  SPEED HIGH   TIME    DIR
------------------------------------------------------------------------------------
 1  17.3  22.4   18:00  12.3    6:50   2.0   0.0   0.0   2.1  14.5   13:10     W
 2  19.4  24.8   15:35  14.6    7:30   1.0   0.0   0.0   2.9  22.5   17:25    NW
 3  19.1  22.1   11:40  16.9   23:55   0.1   0.0   0.8   1.3  16.1   16:15   SSE
 4  17.9  19.6   17:15  16.3    7:30   0.4   0.0   1.4   1.3  19.3   14:30     S
 5  20.2  23.6   14:45  18.0    3:15   0.0   0.0   0.0   1.8  19.3   13:20   SSE
 6  20.3  23.1   17:15  18.4   11:00   0.0   0.0   6.8   1.6  22.5    9:30   SSE
 7  20.5  23.3   14:35  18.5    6:40   0.0   0.0   0.0   2.9  17.7    3:35   SSE
 8  20.2  23.9   16:50  16.7    6:40   0.1   0.0   0.0   1.8  20.9   15:35     S
 9  20.9  25.7   16:20  15.8    7:05   0.4   0.0   0.0   2.7  22.5   17:45     W
10  22.3  27.6   16:30  16.8    6:35   0.1   0.4   0.0   1.8  19.3   15:05    NW
11  23.9  29.4   15:05  18.8    6:50   0.0   1.0   0.0   1.6  14.5   13:10     S
12  25.2  30.6   16:05  19.6    6:15   0.0   1.7   0.0   1.6  14.5   15:15    SE
13  25.6  31.3   14:55  20.4    7:00   0.0   2.0   0.0   1.6  11.3   13:10    SE
14  25.1  31.3   16:10  19.2    7:05   0.0   1.7   0.0   1.4  19.3   17:55     W
15  23.6  28.1   17:30  19.1    6:40   0.0   0.6   0.0   1.6  16.1   14:45     W
16  26.1  31.9   16:50  20.3    6:30   0.0   2.4   0.0   1.4  16.1   13:15   WSW
17  27.7  34.6   15:40  21.4    7:30   0.0   3.5   0.0   1.4  12.9   13:30     W
18  28.2  39.7   14:35  22.4    6:30   0.0   4.0   0.0   4.8  41.8   17:10    NW
19  23.3  26.3   16:10  19.7    7:25   0.0   0.1   0.0   2.3  22.5   17:10    SE
20  21.0  23.4    0:05  19.1   13:30   0.0   0.0  10.6   1.6  12.9    8:45     W
21  22.4  25.6   16:20  19.2    7:10   0.0   0.0   0.0   1.6  14.5   11:35   SSE
22  21.1  22.6   15:15  19.7    9:00   0.0   0.0   2.4   1.3  12.9   15:25   SSE
23  21.3  24.6   15:45  17.9    6:15   0.0   0.0   0.0   1.4  14.5   15:30    SE
24  23.0  31.7   15:55  17.8    6:05   0.0   0.8   0.0   2.9  38.6   17:05    SE
25  22.5  25.6   15:15  20.6    7:00   0.0   0.0   0.2   2.3  19.3   16:05   SSE
26  21.3  23.6   15:20  19.7   13:10   0.0   0.0   0.6   1.8  16.1   12:05    SE
27  21.1  24.4   14:05  17.2    6:35   0.0   0.0   0.2   1.8  16.1   10:10   SSE
28  20.8  24.8   16:50  17.5    3:50   0.1   0.0   0.0   1.4  14.5   16:10     S
29  21.2  25.3   16:20  17.6    3:50   0.0   0.0   0.0   1.6  16.1   13:55     S
30  21.7  25.3   17:55  19.1    9:15   0.0   0.0   3.6   1.8  17.7   16:30     S
31  22.4  24.8   16:05  20.4    7:05   0.0   0.0   0.0   1.4  16.1   12:45    SE
-------------------------------------------------------------------------------------
    22.1  39.7    18    12.3     1     4.2  18.1  26.6   1.9  41.8    18     SSE

Max >=  32.0:  2
Max <=   0.0:  0
Min <=   0.0:  0
Min <= -18.0:  0
Max Rain: 10.59 ON 20/07/22
Days of Rain: 9 (> .2 mm) 4 (> 2 mm) 0 (> 20 mm)
Heat Base:  18.0  Cool Base:  25.0  Method: Integration