NOAA Style Reports for San Sebastián

           escudo Sn.Sn

Report for 2023 Jun
                   MONTHLY CLIMATOLOGICAL SUMMARY for JUN. 2023

NAME: kocher   CITY: San Sebastian   STATE: Guipuzcoa 
ELEV:    80 m  LAT:  43 18' 42" N  LONG:   2 00' 56" W

                   TEMPERATURE (C), RAIN  (mm), WIND SPEED (km/hr)

                                      HEAT  COOL        AVG
    MEAN                              DEG   DEG         WIND                 DOM
DAY TEMP  HIGH   TIME   LOW    TIME   DAYS  DAYS  RAIN  SPEED HIGH   TIME    DIR
------------------------------------------------------------------------------------
 1  17.7  20.6   18:50  14.3    7:35   1.0   0.0   0.0   1.4  14.5   11:40   SSE
 2  20.4  25.4   12:30  15.6    6:55   0.6   0.0   0.0   1.4  16.1   13:15   WNW
 3  20.0  23.8   19:10  15.9    7:15   0.3   0.0   0.0   2.7  20.9   13:30     W
 4  19.3  22.6   17:20  16.0    6:55   0.4   0.0   0.0   1.9  16.1   13:50   WNW
 5  19.6  23.4   16:35  16.1    5:10   0.3   0.0   0.0   2.1  19.3   13:00   SSW
 6  21.4  25.7   13:10  17.2    6:40   0.1   0.0   0.0   1.6  17.7   13:40     W
 7  23.4  27.1   18:45  18.1    5:50   0.0   0.5   0.0   3.5  29.0   12:05   SSE
 8  25.2  28.5   16:50  22.9    7:15   0.0   0.8   0.0  10.5  38.6    5:40   SSE
 9  23.2  28.1   14:05  19.7    3:35   0.0   0.2   0.2   4.0  35.4   12:45     W
10  20.9  24.6   13:45  17.2    7:10   0.0   0.0   0.0   1.8  16.1   15:20   ESE
11  20.7  23.3   15:50  18.7    8:45   0.0   0.0   3.4   1.8  14.5   11:15   WNW
12  19.8  23.9   15:45  16.9   23:50   0.1   0.0  17.2   1.8  14.5   20:50     W
13  18.4  22.7   13:35  15.8    5:55   0.5   0.0  16.8   2.9  22.5   19:45   ESE
14  19.1  21.3   15:40  17.4    1:30   0.0   0.0   8.6   2.7  19.3   12:30   ESE
15  19.3  22.3   15:20  16.8    7:40   0.2   0.0   0.0   1.9  14.5   14:05    SW
16  19.6  24.4   19:00  14.8    4:35   0.9   0.0   0.0   2.3  24.1   22:50    SW
17  20.0  21.9   10:55  18.4   23:40   0.0   0.0  13.8   2.6  25.7   17:50   SSE
18  19.1  22.3   17:25  16.4    5:25   0.3   0.0  20.2   2.1  24.1   19:30     W
19  21.2  25.8   17:05  17.7    7:30   0.0   0.0   0.8   5.6  46.7   13:35   SSE
20  19.8  22.4   13:30  18.3   23:10   0.0   0.0  30.6   2.1  20.9   13:45    SE
21  19.1  20.8   12:45  17.3    6:55   0.1   0.0  16.6   1.1  17.7   23:50     E
22  19.4  21.9   16:15  17.5    6:25   0.0   0.0   3.0   2.1  17.7   13:25    SE
23  19.9  24.1   15:40  15.4    7:00   0.5   0.0   0.0   1.9  14.5   13:05     W
24  21.4  26.5   18:45  16.7    6:45   0.2   0.1   0.0   1.8  17.7   13:00   WSW
25  20.6  21.6    0:05  19.5    6:10   0.0   0.0   0.0   2.3  27.4    6:45    SE
26  20.2  23.1   15:15  18.7    9:15   0.0   0.0   6.2   1.4  14.5   18:10     E
27  19.6  21.1   14:05  17.9    8:15   0.0   0.0   0.0   1.1  12.9   13:50    NW
28  19.6  22.1   15:00  17.6    6:40   0.0   0.0   0.0   1.0  16.1   13:05   ESE
29  19.8  22.2   13:25  18.3   00:00   0.0   0.0   0.6   2.1  17.7    5:20    SE
30  18.2  21.6   15:15  15.3    6:50   0.6   0.0   4.0   2.9  19.3    0:15    SE
-------------------------------------------------------------------------------------
    20.2  28.5     8    14.3     1     6.1   1.6 142.0   2.5  46.7    19      SE

Max >=  32.0:  0
Max <=   0.0:  0
Min <=   0.0:  0
Min <= -18.0:  0
Max Rain: 30.61 ON 20/06/23
Days of Rain: 14 (> .2 mm) 11 (> 2 mm) 2 (> 20 mm)
Heat Base:  18.0  Cool Base:  25.0  Method: Integration