NOAA Style Reports for San Sebastián

           escudo Sn.Sn

Report for 2023 Sep
                   MONTHLY CLIMATOLOGICAL SUMMARY for SEP. 2023

NAME: kocher   CITY: San Sebastian   STATE: Guipuzcoa 
ELEV:    80 m  LAT:  43 18' 42" N  LONG:   2 00' 56" W

                   TEMPERATURE (C), RAIN  (mm), WIND SPEED (km/hr)

                                      HEAT  COOL        AVG
    MEAN                              DEG   DEG         WIND                 DOM
DAY TEMP  HIGH   TIME   LOW    TIME   DAYS  DAYS  RAIN  SPEED HIGH   TIME    DIR
------------------------------------------------------------------------------------
 1  19.4  24.1   14:25  15.4    7:20   0.7   0.0   4.8   1.9  17.7   16:20   SSW
 2  17.5  19.4    0:10  16.2   23:45   0.6   0.0  29.6   1.9  17.7    9:55     W
 3  18.7  24.1   16:35  14.7    8:00   1.2   0.0   0.0   1.4  14.5   16:40     W
 4  24.3  29.6   14:15  20.1    1:55   0.0   1.2   0.0   3.7  37.0   11:00     S
 5  26.9  31.6   15:10  20.6    0:40   0.0   2.2   0.0   4.5  32.2    6:10   SSE
 6  25.3  31.9   15:40  20.9    5:55   0.0   1.6   0.0   2.9  33.8   13:35    SE
 7  26.3  32.7   17:55  19.8    4:05   0.0   2.5   0.0   5.1  41.8   13:00   SSE
 8  24.7  29.1   17:40  21.4    7:10   0.0   0.9   0.8   1.9  29.0    2:00   SSW
 9  26.8  33.6   16:50  21.3    8:40   0.0   2.6   0.0   5.5  41.8   22:25   SSE
10  23.0  26.5   13:35  19.2    5:15   0.0   0.2   3.2   1.9  24.1    0:05   ESE
11  21.4  25.9   15:45  18.4   20:05   0.0   0.0  12.0   2.4  30.6   19:15     W
12  19.7  22.4   15:00  18.3   22:55   0.0   0.0   3.8   2.4  17.7    7:30    SE
13  18.8  21.8   13:45  16.7    5:50   0.2   0.0   6.0   1.4  17.7   13:10     W
14  20.1  24.4   16:15  17.2    2:20   0.1   0.0   0.0   1.4  16.1   16:00    SE
15  21.9  25.7   13:20  17.6    4:20   0.0   0.0   0.0   5.6  38.6   10:45     S
16  23.6  26.3   16:45  21.4   00:00   0.0   0.2   0.0   7.7  43.5   12:05   SSE
17  23.7  26.7   11:10  19.9   23:25   0.0   0.3   0.0   5.3  45.1   15:10   SSE
18  21.6  24.6   12:10  17.8   00:00   0.0   0.0   0.4   5.6  51.5    8:10    SE
19  19.9  23.8   14:05  16.6    6:35   0.3   0.0   0.2   1.8  16.1   15:40   WNW
20  20.4  27.4   14:00  16.1    9:10   0.4   0.1   0.0   2.4  24.1   12:30     W
21  19.2  23.4    0:35  14.4   23:35   0.8   0.0  13.8   5.8  49.9    4:10   SSE
22  14.9  18.6   11:55  13.3    6:45   3.1   0.0  10.0   2.9  24.1   11:10    SE
23  16.2  20.8   15:20  13.1    2:55   2.3   0.0   1.0   1.8  14.5   14:20    NW
24  19.8  28.7   17:40  13.1    7:15   1.7   0.6   0.0   2.9  20.9   22:20   WSW
25  18.9  23.7   17:35  14.3    8:15   1.0   0.0   0.0   1.9  16.1   13:50   WSW
26  18.9  22.7   16:45  15.2    5:25   0.6   0.0   0.0   1.3  14.5   12:20    SE
27  21.0  28.2   15:25  15.4    6:15   0.4   0.3   0.0   4.8  43.5   15:30   SSE
28  21.4  29.8   14:40  15.2    6:55   0.5   0.7   0.0   3.1  27.4   13:05    NW
29  20.2  25.0   15:35  15.8    8:50   0.4   0.0   0.0   1.1  14.5   14:40   WSW
30  22.0  27.8   17:05  17.4    8:50   0.0   0.3   0.0   1.4  11.3   23:45   ESE
-------------------------------------------------------------------------------------
    21.2  33.6     9    13.1    23    14.2  13.6  85.6   3.1  51.5    18     SSE

Max >=  32.0:  2
Max <=   0.0:  0
Min <=   0.0:  0
Min <= -18.0:  0
Max Rain: 29.59 ON 02/09/23
Days of Rain: 12 (> .2 mm) 8 (> 2 mm) 1 (> 20 mm)
Heat Base:  18.0  Cool Base:  25.0  Method: Integration