NOAA Style Reports for San Sebastián

           escudo Sn.Sn

Report for 2024 Apr
                   MONTHLY CLIMATOLOGICAL SUMMARY for APR. 2024

NAME: kocher   CITY: San Sebastian   STATE: Guipuzcoa 
ELEV:    80 m  LAT:  43 18' 42" N  LONG:   2 00' 56" W

                   TEMPERATURE (C), RAIN  (mm), WIND SPEED (km/hr)

                                      HEAT  COOL        AVG
    MEAN                              DEG   DEG         WIND                 DOM
DAY TEMP  HIGH   TIME   LOW    TIME   DAYS  DAYS  RAIN  SPEED HIGH   TIME    DIR
------------------------------------------------------------------------------------
 1  12.3  17.9   16:35   8.6    0:05   5.6   0.0   4.8  10.5  57.9   13:15     S
 2  13.6  17.8   23:50   7.6    4:40   4.4   0.0   0.0  10.9  54.7   12:10     S
 3  18.1  21.9   14:50  14.1    8:10   1.0   0.0   0.0   3.5  48.3    0:10   SSE
 4  20.8  25.5   16:35  16.6    5:45   0.2   0.0   0.0  10.6  48.3   10:55     S
 5  23.5  26.1   19:35  21.1    8:20   0.0   0.1   0.0  12.4  54.7   19:35     S
 6  24.8  28.0   16:35  19.7   00:00   0.0   0.7   0.0  19.8  72.4   10:35     S
 7  17.2  20.6   11:25  13.9   15:15   1.2   0.0   0.2   2.6  38.6   11:50   WNW
 8  15.6  25.0   14:10   9.7   00:00   3.5   0.0   6.0   6.9  61.2   11:45     S
 9  10.0  13.9   16:30   7.6    6:45   8.0   0.0  16.6   3.1  27.4   13:15   SSE
10  11.5  15.6   15:10   7.1    6:35   6.5   0.0   0.0   1.8  16.1   15:00     W
11  12.3  17.5   16:00   7.3    8:15   5.7   0.0   0.0   1.9  14.5   13:20     W
12  15.6  22.3   15:05   9.8    8:05   3.2   0.0   0.0   1.8  17.7   15:50   ESE
13  18.9  25.3   13:30  12.8    5:00   1.5   0.0   0.0   1.4  19.3   20:30   WNW
14  16.2  22.7   16:35  12.6    3:10   2.6   0.0   0.0   2.4  33.8   19:05     W
15  13.1  13.8    0:30  12.2   00:00   4.9   0.0   0.4   1.9  14.5    4:25    SE
16  11.6  13.8   16:15  10.1   23:20   6.4   0.0   5.4   2.1  17.7   17:30   SSE
17  11.3  14.0   15:50   9.4    7:35   6.7   0.0   1.8   2.1  17.7   16:55    SE
18  11.9  15.3   17:25   9.7    7:20   6.1   0.0   1.2   2.1  17.7   15:25   SSE
19  12.4  18.7   16:30   5.8    7:45   5.6   0.0   0.0   2.4  16.1   15:20    NW
20  12.3  16.5   16:50   7.7    7:35   5.7   0.0   0.0   1.9  24.1   14:55    NW
21  11.2  14.3   16:10   6.1    8:05   6.8   0.0   0.0   2.4  17.7   14:15   SSE
22  10.8  13.4   15:30   7.4    7:45   7.2   0.0   0.0   3.2  25.7    1:30    SE
23   9.8  11.1   17:45   8.4   11:05   8.2   0.0   6.4   2.1  16.1    1:10   ESE
24  10.3  13.6   17:15   7.4    4:40   7.7   0.0   1.2   1.9  19.3   16:50   ESE
25  10.9  13.9   14:40   9.0    6:35   7.1   0.0   0.6   1.8  14.5   12:10    NW
26  12.1  15.9   12:45   9.0    7:05   5.9   0.0   3.4   1.6  11.3    3:35   WNW
27  12.2  17.9   15:55   9.3   20:05   5.8   0.0   9.4   5.0  46.7   16:25   SSE
28  11.7  16.3   15:45   6.7    7:25   6.3   0.0   0.0   2.3  16.1   15:30     W
29  11.5  14.1   18:25   9.7    3:15   6.5   0.0   1.4   1.0  12.9   14:35    NW
30  14.3  23.1   17:05   8.2    7:45   4.7   0.0   1.0   2.6  22.5   19:10    SE
-------------------------------------------------------------------------------------
    13.9  28.0     6     5.8    19   145.4   0.9  59.8   4.2  72.4     6     SSE

Max >=  32.0:  0
Max <=   0.0:  0
Min <=   0.0:  0
Min <= -18.0:  0
Max Rain: 16.61 ON 09/04/24
Days of Rain: 15 (> .2 mm) 7 (> 2 mm) 0 (> 20 mm)
Heat Base:  18.0  Cool Base:  25.0  Method: Integration